st the prime factors of -2 + 11 + o - -2.
2
Suppose -t = 2*t + 4*j - 10690, -3*t + 10725 = -3*j. Suppose 0 = -4*q + 5*o + 3566, 3*q + q - 3*o = t. List the prime factors of q.
2, 3, 149
Let g = 2796 - -333. What are the prime factors of g?
3, 7, 149
Let p be -14*1*(-76 + -6). Let g = p + -873. List the prime factors of g.
5, 11
Let i(u) be the third derivative of -5*u**4/24 + 17*u**3 + 70*u**2. List the prime factors of i(-36).
2, 3, 47
Suppose -5*n + 159*j = 157*j - 23609, -3*j + 14157 = 3*n. What are the prime factors of n?
4721
Let y(p) = -8*p**3 - 34*p**2 - 204*p - 9. List the prime factors of y(-6).
3, 191
Let h(f) = -8*f**3 - 7*f**2 + 27*f + 192. What are the prime factors of h(-13)?
2, 8117
Let u be ((-48)/(-64))/(4/160). Suppose -8*v = -u - 50. List the prime factors of v.
2, 5
Suppose 3*d - 3*w = 15, -2*w = -4*w - 4. Suppose 0 = 3*v - 8*x + 6*x + 1, 4*x = 5*v + d. List the prime factors of 232/(-24)*(v - 13).
2, 29
Suppose -352 = -4*n - 4*x, -4*n + 222 = -4*x - 122. Suppose o - 4*f - 171 = 0, 4*o - 3*f - 238 = 511. Suppose 2*h - o = n. What are the prime factors of h?
139
Let s(n) = n**3 + 4*n**2 - 5*n - 3. Let l be s(7). Suppose 0 = 9*h + 42 - l. What are the prime factors of (-1)/(-3) - (-2278)/h?
3, 5
List the prime factors of (-45770 - -257)*(-2)/(-15)*(-6 - -1).
2, 3, 13, 389
Suppose 4*o - x = 4*x + 79, 4*o - 76 = 4*x. List the prime factors of 1716/o + 2/8*-1.
107
Suppose 11*c = 42 - 9. Suppose -2*i + 3 = -c*b + 2*b, 4*b + 2*i = -2. What are the prime factors of b*(0 - -1) + 14?
13
Suppose -105813 = -34*h + 191415. Suppose 27*q + h = 44220. List the prime factors of q.
2, 3, 73
Suppose 0 = 11*q - 360 - 1301. Let v = q - -282. List the prime factors of v.
433
Let p(s) = 6*s**3 - 2*s**2 + 7*s - 17. Let j be p(3). What are the prime factors of (6586/j)/(((-5)/(-6))/5)?
3, 89
Let f = -433 + 436. Suppose -4*r + 5*g - 6*g = -1909, -f*r + 1428 = -3*g. List the prime factors of r.
3, 53
What are the prime factors of (-1324)/33762 + 6431716/102?
2, 7, 563
Suppose 0 = 3*k + 3*q - 38799, -26*k + 22*k = 5*q - 51728. List the prime factors of k.
17, 761
Suppose 90*n - 84*n - 24 = 0. Suppose 5*r + 11*l = 9*l + 5310, 3160 = 3*r - n*l. List the prime factors of r.
2, 5, 53
Let j = -37 + 139. Let s be -1 - (3/(-5) - j/30). Suppose -d = 3*r - 51, -5*d + 0*d - s*r + 243 = 0. List the prime factors of d.
2, 3
Let p = 115 + 13. Let f be -52 - ((1 - -2) + (-12)/2). Let o = p + f. What are the prime factors of o?
79
Let u(t) = 151*t - 37. Let a be u(-2). Let s = -230 - a. List the prime factors of s.
109
Let k = -13 - -6. Let x be (3 + k - -332) + 2. Suppose 4*i + 0*a = -2*a + x, -3*a - 86 = -i. What are the prime factors of i?
83
Let g(t) = t**3 - t**2 + t + 2. Let d(s) = -3*s**3 + 22*s**2 + 5*s + 25. Let i(q) = -d(q) - 2*g(q). What are the prime factors of i(22)?
5, 157
Let v(r) = 2*r**2 + 18*r. Let t be v(-12). Let z(l) = 76 + 3*l - l - t + l. List the prime factors of z(9).
31
Let l(o) = o**2 + 8*o - 12. Let d = -54 + 41. Let a = d + 1. What are the prime factors of l(a)?
2, 3
Let v(u) = -u**3 - 5*u**2 + 4*u + 10. Let y be v(-8). Suppose 0 = -12*c + 2*c + y. Suppose -66 = 16*x - c*x. List the prime factors of x.
2, 3, 11
Suppose 11*m - 10 = 9*m. Suppose m*s - 1 = -3*n - 0, -3*s + 4*n = -18. Suppose 3*j - 65 = -2*f, f - 60 = -s*j + 3*f. List the prime factors of j.
5
Let l(v) = -v**3 + 16*v**2 + 39*v - 45. Let b be l(18). Suppose 10*u - b*u = 9. Suppose x = 111 + u. List the prime factors of x.
2, 3, 5
Suppose 4*g = 201 + 95. Suppose -78*u + g*u = -868. List the prime factors of u.
7, 31
Suppose 2*j + 11865 = -21743. What are the prime factors of ((-6)/(-27) - 0) + j/(-36)?
467
Suppose j = 12 - 5. Let q = -183 + 194. Suppose 288 = -j*h + q*h. What are the prime factors of h?
2, 3
List the prime factors of 10/(-15)*(4 + (-234210)/12).
13009
Let y(x) = 48*x**3 + 2*x**2 + 26*x + 67. List the prime factors of y(5).
6247
Let i = 411 - 1141. Let w = -275 - i. List the prime factors of w.
5, 7, 13
Let m be (-30 - -29) + 2748/(-2) + -1. Let x = -939 - m. What are the prime factors of x?
19, 23
Let n(w) = -144*w + 8 + 16 - 5. What are the prime factors of n(-9)?
5, 263
Suppose 12*i - 4497 = -44*i + 52679. List the prime factors of i.
1021
Let d(x) be the first derivative of -x**3 + 5*x**2 + 6*x + 12. Let a(g) = -9*g**2 + 31*g + 18. Let z(q) = 2*a(q) - 7*d(q). What are the prime factors of z(6)?
2, 3
Suppose -7*h + 30720 = -4483. Suppose -5*a - h = -4*b, -2*b = -10*a + 7*a - 2515. What are the prime factors of b?
2, 157
Suppose -5*l + 0*l + 180 = 0. Suppose 0*k + 2350 = 47*k. Suppose -i - l = -k. What are the prime factors of i?
2, 7
Let z = -722 + 827. Let r = 18 + 58. Let t = r + z. What are the prime factors of t?
181
Let g = -19847 + 34939. What are the prime factors of g?
2, 7, 11
Let q = 130 + -127. Suppose 8*v - 3*v - 1058 = 3*m, -5*v - q*m = -1052. List the prime factors of v.
211
Suppose -v - 2*x = -842, -158 = -3*v + 5*x + 2401. Suppose 3142*q - 185 - 288 = 3099*q. Suppose -7*s + q*s - v = 0. List the prime factors of s.
2, 53
Suppose -46*m + 37096 + 92599 = -269539. List the prime factors of m.
3, 11, 263
Suppose -3*a + 5526 + 19221 = 0. Suppose 3*f - 4967 = -5*g, 6*g - 5*g = -5*f + a. What are the prime factors of f?
17, 97
Suppose 0 = 3*o - 183 - 105. Let v = -539 - -455. Let r = v + o. What are the prime factors of r?
2, 3
Suppose 9 = -3*b, 34*b - 65904 = -i + 26*b. What are the prime factors of i?
2, 3, 41, 67
Suppose 471*w + 60177 = 947*w - 473*w. What are the prime factors of w?
13, 1543
Let o(f) be the third derivative of -f**4/8 + 5*f**3 - 5*f**2. Let u be o(6). Suppose -5*q + 547 - u = 0. What are the prime factors of q?
107
Let f(a) = 11 - 36*a + 2*a + 0. What are the prime factors of f(-16)?
3, 5, 37
Let t be ((-4)/(-20))/(1/(-5)). Let n be (-1159)/3 + t + (-16)/(-12). What are the prime factors of (-126)/(-189) + (n/(-3))/2?
5, 13
List the prime factors of (-1 - -39)/((-7)/14*52/(-3445)).
5, 19, 53
List the prime factors of 240/540 + (-198200)/(-36).
2, 2753
Suppose 3*f - 752 = 157. Let q = f + 23. List the prime factors of q.
2, 163
Suppose 8*b - 12087 = -3494 + 43911. List the prime factors of b.
6563
List the prime factors of (9*2/12)/((-18)/(-60)) + 14047.
2, 3, 1171
Let u(v) = v**3 + 15*v**2 - 12*v + 1. Suppose 10*a + 61 = -29. What are the prime factors of u(a)?
5, 7, 17
Let l(d) = -25*d - 82 - 7*d - 2*d - 18 - 3*d. What are the prime factors of l(-15)?
5, 7, 13
Suppose -4*b + 4*r - 24 = 0, -6*r + 45 = -4*b - 9*r. Let i(f) = 6*f**2 + 13*f + 9. List the prime factors of i(b).
2, 3, 7
Let o be ((-3)/(-6))/(2/(-60)). Let x = -13 - o. Suppose -14 = -2*i - x. List the prime factors of i.
2, 3
What are the prime factors of (-12 - -20)/16*14844?
2, 3, 1237
Let k = -15667 - -34365. List the prime factors of k.
2, 9349
What are the prime factors of (-812198)/(-219)*(-90)/(-12)?
5, 5563
What are the prime factors of 220884/2*((-22)/33)/(-2 - -1)?
2, 79, 233
Suppose 0 = 9*d - 0 - 72. Suppose 0 = 4*u + d, 7*u - 1910 = -4*l + 4*u. What are the prime factors of l?
479
Suppose 21 = i + 18. Suppose -4*q - 1557 = -3*x, -i*x + 2572 = 2*x + q. What are the prime factors of x?
5, 103
Let s(c) = c**3 + 50*c**2 - 75*c - 139. List the prime factors of s(-49).
3, 1979
Let x = -257 + 173. List the prime factors of ((-7)/(x/639))/((-9)/(-108)).
3, 71
Suppose -334*v + 6061539 + 35297 = 0. List the prime factors of v.
2, 9127
Suppose -11*n + 7*n + 16 = 0. Suppose -2*o - 16 = 2*o, -o - 20 = -n*d. Suppose -d*g + 64 = -2*g. List the prime factors of g.
2
Let p be 5/25 - (-2 - (-87)/(-15)). Suppose 11*b = p*b + 6. Suppose 6*m - b*m = 96. What are the prime factors of m?
2, 3
Let f(o) = 151*o**2 - 57*o - 12. What are the prime factors of f(6)?
2, 3, 7, 11
What are the prime factors of ((-18)/10 - -2)/(17/((-11223060)/(-6)))?
2, 11003
Let n be 3 - (18333/(-6) - (-3)/(-2)). What are the prime factors of (n/6 - 2/1) + 2?
2, 3, 5, 17
Suppose 0*u + u = -2*s + 10, -3*u + 6 = -2*s. Suppose m + 524 = u*z, -3*m - 488 = -5*z + 160. Suppose 0 = -3*x - z + 507. List the prime factors of x.
5
Let n(f) = 5172*f + 1815. What are the prime factors of n(5)?
3, 5, 41
List the prime factors of (-270)/720 - (-85078)/16.
13, 409
Suppose -20*x - 44 = -31*x. Suppose x*q + 6*h = h